d 5783114.
226
What is the greatest common divisor of 723 and 96400?
241
What is the greatest common factor of 2338 and 2?
2
What is the highest common factor of 252 and 899640?
252
Calculate the greatest common divisor of 466 and 5126.
466
Calculate the greatest common factor of 27064 and 386856.
1592
Calculate the highest common factor of 363 and 55077.
33
Calculate the greatest common divisor of 7171 and 2556.
71
What is the greatest common divisor of 505934 and 715?
143
What is the greatest common divisor of 44 and 12116?
4
Calculate the highest common divisor of 20300 and 300.
100
Calculate the greatest common divisor of 1005 and 8911.
67
Calculate the greatest common factor of 1140 and 504260.
380
Calculate the greatest common factor of 313278 and 42.
42
Calculate the greatest common divisor of 392712 and 24.
24
What is the greatest common divisor of 374 and 94809?
187
What is the highest common factor of 112700 and 1050?
350
Calculate the greatest common divisor of 785 and 370991.
157
Calculate the highest common divisor of 761990 and 460.
230
What is the highest common factor of 17922 and 13050?
174
Calculate the highest common divisor of 1970202 and 957.
87
Calculate the highest common divisor of 25597 and 132.
11
What is the greatest common divisor of 29975 and 2025?
25
Calculate the highest common divisor of 32032 and 77077.
1001
What is the greatest common divisor of 138010 and 4440?
370
What is the highest common factor of 3654 and 9396?
522
Calculate the highest common divisor of 1335 and 1315.
5
What is the highest common factor of 696998 and 214?
214
What is the highest common factor of 250 and 262250?
250
Calculate the highest common divisor of 65124 and 6164.
268
Calculate the greatest common factor of 63 and 34083.
63
What is the highest common divisor of 279 and 94488?
93
What is the highest common divisor of 777050 and 110?
10
What is the greatest common factor of 55554 and 12214?
394
Calculate the greatest common divisor of 295353 and 6.
3
Calculate the greatest common divisor of 14 and 128471.
7
What is the greatest common factor of 54621 and 27?
27
What is the greatest common factor of 4544 and 936?
8
What is the highest common divisor of 742 and 32118?
106
What is the greatest common divisor of 4004 and 33488?
364
What is the greatest common factor of 84 and 85575?
21
Calculate the highest common divisor of 4416 and 4056.
24
Calculate the highest common factor of 387 and 87333.
129
Calculate the greatest common factor of 642 and 1294914.
642
What is the highest common factor of 1227499 and 5096?
637
What is the highest common divisor of 1118761 and 883?
883
Calculate the greatest common divisor of 4531 and 43931.
197
Calculate the greatest common divisor of 342 and 160626.
114
Calculate the greatest common factor of 874 and 9154.
46
Calculate the highest common divisor of 30 and 9830.
10
Calculate the highest common factor of 1850 and 6550.
50
What is the greatest common divisor of 520 and 2990?
130
What is the greatest common factor of 478 and 3234148?
478
What is the greatest common divisor of 4795802 and 1122?
374
What is the highest common factor of 2050 and 1148?
82
Calculate the greatest common factor of 12685 and 5605.
295
What is the highest common factor of 74296 and 1480?
296
Calculate the highest common factor of 407588 and 228.
76
Calculate the highest common divisor of 6 and 2614.
2
What is the highest common divisor of 224 and 168840?
56
What is the highest common factor of 800904 and 1632?
408
Calculate the greatest common divisor of 209538 and 504.
126
Calculate the greatest common divisor of 112 and 17612.
28
Calculate the greatest common factor of 2824397 and 232.
29
What is the greatest common factor of 50 and 416425?
25
What is the greatest common factor of 1088 and 25744?
16
What is the greatest common divisor of 1974 and 36096?
282
What is the greatest common divisor of 3726 and 4419?
9
What is the greatest common factor of 35274 and 12?
6
Calculate the greatest common factor of 2924 and 774.
86
What is the greatest common divisor of 143 and 1134991?
143
What is the greatest common factor of 212 and 404?
4
What is the greatest common factor of 330 and 44715?
165
What is the greatest common divisor of 324 and 300?
12
What is the highest common factor of 101898 and 74?
74
What is the highest common divisor of 26663 and 260?
13
Calculate the greatest common factor of 3247550 and 50.
50
Calculate the greatest common factor of 44025 and 225.
75
What is the greatest common divisor of 2744 and 2968?
56
Calculate the highest common factor of 487954 and 376.
94
What is the greatest common factor of 1339 and 3003?
13
What is the greatest common divisor of 42406 and 2563?
233
What is the greatest common divisor of 15399 and 3393?
261
Calculate the greatest common factor of 371535 and 408.
51
What is the greatest common factor of 202062 and 3162?
102
What is the highest common divisor of 40271 and 63?
7
Calculate the highest common divisor of 1326 and 148597.
17
What is the greatest common factor of 26 and 77246?
26
What is the highest common divisor of 19527 and 161?
23
What is the highest common factor of 21702 and 48?
6
Calculate the greatest common divisor of 458880 and 25920.
960
Calculate the greatest common divisor of 176 and 970024.
88
What is the greatest common factor of 476699 and 1565?
313
Calculate the highest common factor of 119315 and 5537.
49
What is the greatest common factor of 20760 and 286315?
865
Calculate the highest common divisor of 1826 and 202.
2
Calculate the highest common divisor of 30096 and 4488.
264
Calculate the greatest common factor of 63 and 27944.
7
What is the highest common factor of 2765 and 4291?
7
Calculate the greatest common divisor of 1944 and 6309.
9
Calculate the greatest common divisor of 138 and 98463.
69
What is the greatest common divisor of 7 and 258370?
7
What is the greatest common factor of 2522 and 4139863?
1261
What is the greatest common divisor of 27236 and 792?
44
Calculate the greatest common divisor of 1133148 and 534.
534
What is the greatest common divisor of 518674 and 52?
26
What is the highest common factor of 126 and 43022?
14
Calculate the highest common divisor of 527 and 192967.
17
What is the highest common divisor of 11344 and 275801?
709
What is the greatest common divisor of 159236 and 9702?
154
What is the greatest common factor of 8 and 2879?
1
Calculate the greatest common divisor of 642 and 768.
6
What is the greatest common divisor of 20144 and 3264?
16
What is the highest common divisor of 85764 and 28?
28
What is the greatest common divisor of 64 and 14600?
8
What is the highest common divisor of 79635 and 90?
15
Calculate the highest common factor of 353 and 14941431.
353
What is the greatest common factor of 479 and 199?
1
What is the highest common divisor of 1254232 and 56?
56
What is the greatest common factor of 1735 and 39558?
347
Calculate the highest common divisor of 256 and 2904.
8
What is the greatest common factor of 394173 and 72?
9
What is the highest common factor of 1792 and 364?
28
What is the highest common factor of 109703 and 319?
11
What is the greatest common divisor of 93 and 2449?
31
What is the highest common divisor of 7290 and 6912?
54
What is the greatest common factor of 513 and 7828?
19
Calculate the greatest common factor of 2302 and 8.
2
What is the highest common factor of 1286055 and 9?
9
What is the greatest common factor of 2946 and 1152?
6
What is the greatest common divisor of 48 and 34659?
3
What is the greatest common divisor of 42517 and 488?
61
What is the highest common divisor of 158736 and 48?
48
Calculate the greatest common factor of 27 and 3753.
27
Calculate the highest common factor of 14976 and 3159.
117
Calculate the greatest common divisor of 30828 and 144.
12
Calculate the greatest common divisor of 2109 and 950.
19
What is the highest common factor of 2373 and 67461?
339
Calculate the greatest common factor of 48 and 2352.
48
What is the highest common factor of 260 and 5020?
20
Calculate the highest common factor of 9528234 and 361.
361
Calculate the highest common divisor of 14 and 34692.
14
What is the greatest common factor of 35406 and 693?
63
What is the highest 